Determine o(3).
4
Let v(d) = -d + 13. Let l(t) be the third derivative of -t**3/6 - 4*t**2. Let x(s) = -6*l(s) - v(s). Determine x(6).
-1
Let n(g) be the second derivative of -g**5/20 - g**4/3 + g**2/2 + 6*g. Calculate n(-4).
1
Suppose -l + 3*l = -8. Let y(w) = -3*w**2 - 7*w - 4. Let m(a) = -2 + a + a**2 - 5 + 11 - 3. Let o(g) = l*m(g) - y(g). Determine o(2).
2
Let d be 1/(-2)*(-17 - -15). Let g(u) = -7*u - 1. Calculate g(d).
-8
Let f(c) = c**3 + 2*c**2 - 4*c + 1. Let z be f(-3). Let i be (-5)/(10/z) + 6. Let g(y) = -y**2 + 2*y + 3. Calculate g(i).
-5
Suppose 0 = w - 2*l - 3, -2*w - l + 27 = 2*l. Suppose 5*x - w = -4*d + 12, -3*x = -2*d - 17. Let p(y) = 14*y + 1. Determine p(d).
-13
Let n(a) = -a**3 + a**2 + a. Let k be (-464)/56 + (-2)/(-7). Let y = k - -8. Calculate n(y).
0
Let p(v) = v + 10. Let g(b) = 4*b - 1. Let z be g(7). Suppose -q - 5*x - z = 0, 4*x = -q + 1 - 24. Determine p(q).
3
Let g(o) be the third derivative of -o**4/24 + o**3/3 + 22*o**2. What is g(7)?
-5
Let u(a) = -a**2 + 6*a + 5. Let i be -11 - (-4 + -1 + 3). Let b(g) = -g - 4. Let f be b(i). Calculate u(f).
10
Suppose -d + 5 = b + 3, -4*b = d - 8. Let t(a) = b*a - 1 + 7 - 2. Let z be t(-3). Let u(v) = -v**3 - 2*v**2 + v + 1. What is u(z)?
-1
Let a = 58 + -59. Let h(m) = 0 + 3*m - 1 + 0*m. Give h(a).
-4
Let c(u) be the first derivative of -u**2 + 3*u - 5. Let v(w) = -w**2 + 6*w + 5. Let s be v(6). Give c(s).
-7
Let a = 8 + -6. Suppose -2*q - a = -0. Let p(t) be the third derivative of t**4/24 + t**3/6 - t**2. Determine p(q).
0
Suppose 13 = -3*q - p, -4*q + 5 - 21 = 2*p. Let j(o) = o**3 + 4*o**2 - 4*o + 3. What is j(q)?
-2
Let p(y) = -y**3 + 7*y**2 - 8*y - 11. Let g be p(4). Let u(o) = o**2 - 5*o + 6. Give u(g).
6
Let c(o) = -12*o**2 - o - 6. Let g(w) = -4*w**2 - 2. Let n(h) = 3*c(h) - 8*g(h). What is n(-2)?
-12
Suppose -4*m = -2*t - 3 - 7, -4*m = 4*t - 16. Let v(z) = 7*z**2. Calculate v(t).
7
Let c(h) = -h**2 - 2*h - 2. Let v(s) = 1. Let y(l) = c(l) + 4*v(l). What is y(-4)?
-6
Let k(s) be the third derivative of s**6/120 - s**4/24 + s**3/2 - 6*s**2. Let q be 4/(-2) + 1 + 1. What is k(q)?
3
Suppose a + 4 = 10. Let n(s) = -s**2 + 3*s - 6. Determine n(a).
-24
Let f(v) = 4*v + v + 5 - 3*v - 3*v. Give f(0).
5
Let n(z) = -15*z**2 - 7*z + 3. Let s(h) = 8*h**2 + 3*h - 2. Let q(g) = -6*n(g) - 11*s(g). Determine q(-6).
22
Suppose 75 = -4*w + 91. Let o(r) be the first derivative of r**4/8 - 5*r**3/6 + r**2/2 + 1. Let k(z) be the second derivative of o(z). Calculate k(w).
7
Let u = 15 - 10. Suppose -9 = 3*k + 21. Let y = u + k. Let p(z) = -z**2 - 5*z. Give p(y).
0
Let f = -13 - -23. Let x(n) = -4*n + 7*n**2 + 2 + 0 + n**3 - 1 + f*n. Give x(-6).
1
Let g(d) = -7*d**2 - 13*d + 1. Let s(a) = -6*a**2 - 11*a. Let w(p) = -5*g(p) + 6*s(p). Determine w(4).
-25
Let f(g) = 9*g**3 - 14*g**2 + 3*g + 17. Let y(o) = 5*o**3 - 7*o**2 + o + 9. Let c(n) = -4*f(n) + 7*y(n). Calculate c(6).
1
Let r(v) = 2*v + 2. Let o(k) = k + 9. Let u be o(-10). Let p = 5 + u. Suppose -n - p*n = 20. Give r(n).
-6
Let r(h) = h**3 - 10*h**2 + 12*h - 13. Let o be r(9). Suppose 0 = 4*n - o + 6. Let c = n + -4. Let y(m) = 4*m + 1. Determine y(c).
-7
Let j(w) = w + 7. Suppose 8*o - 20 = 4*o. Let b be j(o). Suppose 2*u = 2*z - b, -u + 1 = 3*z - 1. Let r(k) = k**3 - k**2 - 3*k + 1. Determine r(z).
-1
Let p(o) be the second derivative of o**3/6 - o. Suppose -4*y + y + 12 = 0. Suppose 5 = -k - 5*n, 2*n = 4*k + y*n + 2. Give p(k).
0
Let g(v) = v**2 + 1. Let x(y) = 4*y**2 + y + 4. Let c(b) = -5*g(b) + x(b). Suppose -3*m - 2*p = -8 - 3, 5*m + 2*p - 13 = 0. Give c(m).
-1
Let a(g) = 3*g**2 - 2*g - 2. Let k = 39 - 37. Calculate a(k).
6
Let g(x) = -4*x - 8. Let s be (-2)/(-5) - (-924)/(-110). Give g(s).
24
Suppose 4*i + 40 = v + 16, 0 = -3*i + 5*v - 35. Let d(q) = q - 4. Determine d(i).
-9
Let o(z) be the first derivative of 3*z**4/2 + 2*z**3/3 - z + 3. Give o(-1).
-5
Let d(x) be the first derivative of 0*x - 1/3*x**3 + 1/2*x**2 + 2. Determine d(2).
-2
Let i(k) = 6*k**2 + 6*k - 6. Let v(m) = 5*m**2 + 5*m - 5. Let c(t) = -3*i(t) + 4*v(t). Determine c(-4).
22
Let c = 3 + -2. Let u = 2 + c. Let p(m) = -3*m**3 + 12*m**2 + 5*m + 20. Let l(g) = -g**3 + 4*g**2 + 2*g + 7. Let z(r) = -11*l(r) + 4*p(r). Give z(u).
6
Let h(n) = n**3 + 5*n**2 + 5*n + 2. Let g be 26/(-10) + 3*8/(-60). What is h(g)?
5
Let y(k) = 2*k**2 + k + 1. Suppose 4*b - 9*b - 5 = 0. Determine y(b).
2
Let n(o) = 3*o**3 - o**2 - 7*o - 6. Let g(v) = -v**3 - v**2 + v + 1. Let k(a) = -4*g(a) - n(a). Suppose -3*x + 4*j - 6 = 10, 13 = -4*x - 3*j. What is k(x)?
6
Let u be (-10)/(-6) + 1 - 4/(-12). Let w(r) = -1 + r**2 - 3*r - 2*r + 0*r**2. Calculate w(u).
-7
Suppose 56*i - 57*i = -7. Let d(o) = 2*o + 4. Give d(i).
18
Let m be ((1 - 0) + 0)*1. Let a = -18 + 14. Let o = m + a. Let w(j) = j**2 + 2*j + 3. Calculate w(o).
6
Let d(z) = -z**2 - 4*z. Suppose -15 = 2*h + 4*b + 11, 5*b = -20. What is d(h)?
-5
Let y(p) = -3 - p**2 + 3 + 4*p + 1 - p. Let d be 0/(-3) - (0 + 3). Let v = 8 + d. What is y(v)?
-9
Let j(k) = 15 - 5*k - 22 + 2 - k**2. Let h be (-4)/(-2) + (1 - 0). Suppose -2*w = h*w + 25. Give j(w).
-5
Let k(x) = -x**3 + 5*x**2 + 6*x + 4. Let z(c) = 3*c - 6. Suppose -y + s - 4*s - 5 = 0, 4*s + 32 = 5*y. Let h be z(y). Calculate k(h).
4
Suppose 0 = p - 5*u + 7, 4*p - 26 = -3*u - 8. Let d(l) = -2*l - l**3 + 4*l**2 + 0 + 1 + 1 - l. Give d(p).
2
Let i(u) = -u**3 - 13*u**2 + 14*u + 4. Let q(o) = -3*o**3 - 26*o**2 + 29*o + 7. Let x(m) = -5*i(m) + 2*q(m). Determine x(12).
-6
Let c(h) = -h**2 + 3*h + 4. Suppose -10 = -3*o - 1. Let q be (2/4)/(o/30). What is c(q)?
-6
Suppose -5*y + 218 + 112 = 0. Let w be 2 + 1/(2/y). Let z be (-2 + -1)*w/(-21). Let q(m) = m**3 - 4*m**2 - 4*m - 6. Give q(z).
-1
Let b = -8 - -8. Suppose -28 = -4*h + o, b = -h - 2*h - 4*o + 2. Let v(n) = -2 + 8*n - n**2 - 5 + 6*n**2 - n**3. Calculate v(h).
5
Let w(x) = x**3 - x. Let h(b) = -4*b**3 + 2*b**2 + 1. Let t(c) = -h(c) - 3*w(c). Give t(2).
5
Let j(g) = g - 2. Suppose -o - 12 = 3*o. What is j(o)?
-5
Let z = 7 - 5. Suppose -m + 1 + 2 = 0. Let s(h) = -2*h - 3*h + 3 + m*h. Give s(z).
-1
Let m(g) be the third derivative of -1/24*g**4 + 0 - 2*g**2 - g**3 + 0*g. Calculate m(-5).
-1
Let j = -4 + 2. Let x = -2 - -4. Let d(k) = 2 + k**2 - 4*k**2 + k**x. Calculate d(j).
-6
Let b(i) = -10*i - 1 - 7*i + 21*i. What is b(1)?
3
Let h(g) be the second derivative of 1/2*g**2 + 0 + 6*g + 1/6*g**3. Give h(-1).
0
Let j(l) be the second derivative of l**5/20 - l**4/3 - l**3 + 3*l**2/2 - 2*l. Let y be j(5). Let z(a) = a**3 + 3*a**2 + a - 2. Calculate z(y).
0
Let g = 1 - -1. Suppose 2*x - 4*u - 12 = -4, -g*u + 16 = 4*x. Let a = x - 1. Let h(r) = -r**2 + 3. What is h(a)?
-6
Let u be (0/(-1) - 0) + 0. Suppose -2*p + u = -6. Suppose -p*q - 6 - 3 = 2*y, -4*q - 23 = -y. Let i(c) = c**3 - c**2 - 2*c - 4. Determine i(y).
8
Let v(s) = s**3 - s**2 + 1. Let q(o) = 3*o**3 - 8*o**2 - 3*o + 5. Let i(k) = -q(k) + 4*v(k). Calculate i(-3).
-1
Let m(t) = -t**2 - 1. Let w be m(2). Let i(y) = -2*y - 6. Let f be i(w). Let k(c) = -c**2 - f*c + 5 + 2*c**2 - c. Calculate k(5).
5
Let z(k) be the second derivative of -1/3*k**3 + 5*k + 1/2*k**2 + 0 + 1/12*k**4. Let q(d) = 3*d**2 + d - 1. Let t be q(1). Calculate z(t).
4
Let g(n) = 5*n + 8. Let z(y) = 6*y + 10. Let w(l) = -3*g(l) + 2*z(l). Calculate w(-2).
2
Suppose -w - 3 = -4*w. Let c(t) = -2*t**2 - 5*t + 5. Let a(g) = -7*g**2 - 14*g + 14. Let x(m) = 5*a(m) - 14*c(m). Determine x(w).
-7
Let w(c) = 5*c**3 + c**2 - c. Suppose -q = 2*q. Suppose q = 4*u - 5*n + 12 + 26, 4*u + 24 = -2*n. Let i = u + 8. What is w(i)?
5
Let c be 6/21 - 5/(-7). Let u(n) = 8*n**2 - 8*n - 6. Let w(r) = 7*r**2 - 7*r - 5. Let b(v) = 6*u(v) - 7*w(v). Calculate b(c).
-1
Suppose 0*v - 4 = -2*v. Let r(t) be the first derivative of 3 - v*t**3 + t - 2 - 3. What is r(-1)?
-5
Let f(u) = u**2 + 5*u + 5. Let r be 4/(-12) - 7/(-3). Suppose -27 = 5*g - r. What is f(g)?
5
Let d(h) = -h**3 - 4*h**2 - 3*h - 4. Suppose 0*w + b + 1 = -2*w, 4*b = -12. Let v be (w/(-3) + 0)*-18. Suppose i - 20 = v*i. Give d(i).
8
Let b(v) = v**2 - 2*v. Let q(o) = -2*o**2 + 4*o. Let r(u) = -11*b(u) - 6*q(u). Let k = -3 + 5. What is r(k)?
0
Let q(m) be the third derivative of -5/6*m**3 + 0 + 1/12*m**4 + 2*m**2 + 0*m. Calculate q(5).
5
Suppose 2*m = -4*m. Let i(f) = -f**2 - f + 4. What 